common factor of 1026 and 36.
18
Calculate the greatest common divisor of 28 and 224.
28
Calculate the highest common divisor of 80 and 460.
20
Calculate the greatest common divisor of 21253 and 159.
53
Calculate the greatest common divisor of 317 and 21239.
317
Calculate the highest common factor of 1052 and 18147.
263
Calculate the highest common factor of 24 and 93048.
24
Calculate the greatest common factor of 676 and 52.
52
Calculate the highest common divisor of 168 and 39.
3
What is the highest common divisor of 204 and 2108?
68
What is the highest common divisor of 1139 and 1?
1
What is the greatest common divisor of 496 and 31?
31
What is the greatest common factor of 5 and 395?
5
Calculate the greatest common divisor of 95 and 20.
5
Calculate the greatest common factor of 56 and 4424.
56
What is the highest common factor of 1653 and 114?
57
What is the highest common divisor of 41 and 2993?
41
What is the greatest common factor of 4 and 1644?
4
What is the greatest common divisor of 27 and 22653?
27
What is the highest common divisor of 72 and 5112?
72
What is the greatest common divisor of 39 and 78?
39
Calculate the greatest common divisor of 7192 and 232.
232
What is the highest common divisor of 70 and 50?
10
What is the highest common factor of 22 and 5401?
11
What is the greatest common divisor of 946 and 129?
43
What is the greatest common factor of 3537 and 27?
27
Calculate the highest common divisor of 18 and 1017.
9
Calculate the highest common divisor of 19901 and 7.
7
Calculate the highest common divisor of 56 and 12936.
56
What is the greatest common factor of 51 and 2431?
17
Calculate the highest common divisor of 24 and 456.
24
What is the highest common factor of 63 and 261?
9
What is the greatest common divisor of 8154 and 45?
9
What is the highest common factor of 2304 and 18?
18
What is the highest common factor of 177 and 15?
3
Calculate the highest common divisor of 621 and 54.
27
What is the greatest common divisor of 20 and 15000?
20
Calculate the highest common divisor of 324 and 4698.
162
Calculate the highest common factor of 17 and 17.
17
What is the greatest common factor of 247 and 475?
19
Calculate the greatest common factor of 210 and 630.
210
Calculate the highest common factor of 85 and 102.
17
Calculate the greatest common factor of 530 and 159.
53
Calculate the highest common divisor of 300 and 620.
20
Calculate the highest common factor of 132 and 276.
12
Calculate the greatest common factor of 52 and 793.
13
Calculate the greatest common divisor of 54 and 621.
27
Calculate the greatest common divisor of 704 and 44.
44
Calculate the highest common factor of 451 and 123.
41
Calculate the highest common factor of 240 and 15.
15
Calculate the greatest common divisor of 203 and 7.
7
What is the highest common factor of 178 and 17978?
178
What is the greatest common divisor of 5045 and 5?
5
What is the greatest common divisor of 848 and 56?
8
Calculate the greatest common factor of 44130 and 30.
30
Calculate the greatest common factor of 6232 and 95.
19
Calculate the highest common divisor of 148 and 37.
37
What is the highest common divisor of 80 and 30?
10
Calculate the greatest common factor of 96 and 606.
6
What is the greatest common divisor of 149 and 5?
1
What is the highest common factor of 301 and 172?
43
Calculate the highest common divisor of 14977 and 17.
17
What is the greatest common factor of 24 and 1158?
6
Calculate the greatest common factor of 120 and 210.
30
What is the highest common factor of 1494 and 18426?
498
Calculate the highest common divisor of 265 and 53.
53
Calculate the greatest common factor of 4588 and 124.
124
What is the highest common divisor of 1131 and 39?
39
What is the greatest common divisor of 2745 and 15?
15
Calculate the greatest common factor of 1470 and 15.
15
Calculate the greatest common factor of 649 and 891.
11
Calculate the highest common divisor of 621 and 23.
23
What is the highest common divisor of 1 and 25?
1
Calculate the highest common factor of 483 and 621.
69
What is the highest common divisor of 324 and 108?
108
What is the highest common factor of 15 and 5?
5
What is the highest common factor of 8382 and 66?
66
Calculate the highest common divisor of 225 and 36.
9
Calculate the greatest common factor of 84 and 4008.
12
Calculate the highest common divisor of 6492 and 60.
12
Calculate the highest common factor of 40 and 580.
20
What is the highest common divisor of 260 and 31005?
65
What is the highest common divisor of 336 and 108?
12
What is the highest common factor of 115 and 10?
5
What is the greatest common factor of 403 and 39?
13
Calculate the greatest common divisor of 43 and 121991.
43
What is the greatest common divisor of 22 and 3014?
22
What is the greatest common factor of 8 and 16?
8
Calculate the highest common factor of 9 and 531.
9
Calculate the greatest common factor of 109 and 4033.
109
What is the highest common factor of 295 and 59?
59
Calculate the highest common divisor of 160 and 5260.
20
What is the highest common divisor of 18327 and 492?
123
What is the highest common factor of 2970 and 880?
110
Calculate the greatest common divisor of 5649 and 42.
21
What is the highest common factor of 590 and 4838?
118
What is the highest common factor of 2727 and 808?
101
Calculate the greatest common factor of 13141 and 17.
17
Calculate the highest common factor of 267 and 178.
89
Calculate the greatest common divisor of 56 and 2086.
14
What is the greatest common divisor of 882 and 1575?
63
Calculate the greatest common factor of 20 and 330.
10
Calculate the greatest common factor of 6 and 798.
6
What is the greatest common divisor of 731 and 129?
43
Calculate the highest common divisor of 1521 and 338.
169
What is the greatest common factor of 4548 and 144?
12
What is the greatest common factor of 123 and 12?
3
Calculate the greatest common factor of 10262 and 14.
14
What is the greatest common divisor of 15743 and 91?
91
What is the greatest common factor of 6875 and 165?
55
Calculate the greatest common factor of 258 and 6.
6
Calculate the greatest common factor of 527 and 279.
31
Calculate the highest common divisor of 9 and 279.
9
What is the highest common factor of 231 and 77?
77
What is the greatest common factor of 12 and 44316?
12
What is the greatest common divisor of 99 and 121?
11
What is the highest common divisor of 44 and 6523?
11
Calculate the highest common divisor of 423 and 18.
9
Calculate the greatest common divisor of 7 and 7.
7
What is the greatest common divisor of 88 and 22?
22
Calculate the greatest common factor of 1809 and 67.
67
What is the greatest common divisor of 96 and 36?
12
Calculate the highest common factor of 12 and 108.
12
What is the greatest common divisor of 879 and 18?
3
Calculate the greatest common factor of 1632 and 17.
17
Calculate the greatest common factor of 144 and 612.
36
Calculate the greatest common divisor of 7474 and 202.
202
What is the highest common divisor of 190 and 43700?
190
Calculate the greatest common factor of 110 and 5555.
55
What is the greatest common factor of 88 and 660?
44
What is the highest common factor of 55 and 385?
55
Calculate the greatest common factor of 1452 and 132.
132
Calculate the highest common factor of 49 and 1484.
7
What is the greatest common factor of 29 and 31639?
29
What is the highest common divisor of 90 and 110?
10
Calculate the greatest common factor of 19 and 551.
19
What is the highest common factor of 12154 and 1030?
206
What is the highest common divisor of 48 and 17424?
48
Calculate the highest common factor of 4 and 50.
2
Calculate the greatest common divisor of 8 and 12.
4
Calculate the highest common factor of 30 and 195.
15
What is the highest common divisor of 21 and 903?
21
Calculate the greatest common divisor of 99 and 36.
9
Calculate the highest common divisor of 49 and 378.
7
What is the highest common divisor of 230 and 1035?
115
What is the highest common divisor of 795 and 477?
159
Calculate the greatest common divisor of 9088 and 142.
142
Calculate the highest common factor of 5 and 240.
5
What is the greatest common factor of 30 and 9645?
15
What is the highest common factor of 725 and 58?
29
What is the 